{"id":13,"date":"2024-11-18T16:48:53","date_gmt":"2024-11-18T16:48:53","guid":{"rendered":"https:\/\/westsideistanbul2.com\/?page_id=13"},"modified":"2025-04-14T07:02:46","modified_gmt":"2025-04-14T07:02:46","slug":"hakkimizda","status":"publish","type":"page","link":"https:\/\/westsideistanbul2.com\/indexphp\/hakkimizda\/","title":{"rendered":"Hakk\u0131m\u0131zda"},"content":{"rendered":"\t\t<div data-elementor-type=\"wp-page\" data-elementor-id=\"13\" class=\"elementor elementor-13\" data-elementor-post-type=\"page\">\n\t\t\t\t<div class=\"elementor-element elementor-element-6faab94 e-flex e-con-boxed e-con e-parent\" data-id=\"6faab94\" data-element_type=\"container\" data-settings=\"{&quot;background_background&quot;:&quot;classic&quot;}\">\n\t\t\t\t\t<div class=\"e-con-inner\">\n\t\t<div class=\"elementor-element elementor-element-5296b4d e-con-full e-flex e-con e-child\" data-id=\"5296b4d\" data-element_type=\"container\">\n\t\t\t\t<div class=\"elementor-element elementor-element-ce19402 elementor-widget elementor-widget-heading\" data-id=\"ce19402\" data-element_type=\"widget\" data-widget_type=\"heading.default\">\n\t\t\t\t<div class=\"elementor-widget-container\">\n\t\t\t<h2 class=\"elementor-heading-title elementor-size-default\">Hakk\u0131m\u0131zda<\/h2>\t\t<\/div>\n\t\t\t\t<\/div>\n\t\t\t\t<\/div>\n\t\t\t\t\t<\/div>\n\t\t\t\t<\/div>\n\t\t<div class=\"elementor-element elementor-element-80b7baf e-con-full e-flex e-con e-parent\" data-id=\"80b7baf\" data-element_type=\"container\">\n\t\t<div class=\"elementor-element elementor-element-5d610fd e-con-full e-flex e-con e-child\" data-id=\"5d610fd\" data-element_type=\"container\">\n\t\t\t\t<div class=\"elementor-element elementor-element-61b9aeba elementor-widget elementor-widget-text-editor\" data-id=\"61b9aeba\" data-element_type=\"widget\" data-widget_type=\"text-editor.default\">\n\t\t\t\t<div class=\"elementor-widget-container\">\n\t\t\t\t\t\t\t<p style=\"font-weight: 400;\">West Side \u0130stanbul2, \u0130stanbul\u2019un Beylikd\u00fcz\u00fc il\u00e7esinde yer alan modern karma yap\u0131 projesidir.<\/p><p style=\"font-weight: 400;\">Sitemiz toplam 26 bloktan olu\u015fmakta ve 915 konut, 89 ticari \u00fcnite i\u00e7ermektedir<\/p><p style=\"font-weight: 400;\">Sitemizde 2 kapal\u0131 havuz, 3 a\u00e7\u0131k havuz, 2 fitness alan\u0131, 3 hamam, 3 buhar odas\u0131, 2 \u00e7ocuk oyun park\u0131, 1 k\u00fc\u00e7\u00fck \u00e7ocuk oyun alan\u0131 ve 1 kapal\u0131 \u00e7ok ama\u00e7l\u0131 spor salonu bulunmaktad\u0131r.<\/p><p style=\"font-weight: 400;\">Geni\u015f peyzaj alanlar\u0131 ve kamelyalar\u0131 bar\u0131nd\u0131ran sitemizde ara\u00e7 giri\u015fi s\u00f6z konusu olmamas\u0131 sebebi ile \u00e7ocuklar\u0131m\u0131z i\u00e7in gayet g\u00fcvenli bir alana sahiptir.<\/p><p style=\"font-weight: 400;\">West Side \u0130stanbul2, iki adet yaya giri\u015fi 2 adet otopark giri\u015finin oldu\u011fu ve 2 katl\u0131 kapal\u0131 otopark alan\u0131na sahiptir.<\/p><p style=\"font-weight: 400;\">West Side \u0130stanbul2,metrob\u00fcse yak\u0131n konumu ve E-5 Karayolu\u2019na olan yak\u0131nl\u0131\u011f\u0131 ve bir\u00e7ok toplu ula\u015f\u0131m alternatifi ile avantaj sa\u011flamaktad\u0131r<\/p><p style=\"font-weight: 400;\">Sitemizde, modern ya\u015fam\u0131n gereksinimlerini kar\u015f\u0131layan konforlu ve g\u00fcvenli bir ya\u015fam alan\u0131 sunmay\u0131 hedeflemektedir.<\/p>\t\t\t\t\t\t<\/div>\n\t\t\t\t<\/div>\n\t\t\t\t<\/div>\n\t\t<div class=\"elementor-element elementor-element-610b90f e-con-full e-flex e-con e-child\" data-id=\"610b90f\" data-element_type=\"container\">\n\t\t\t\t<div class=\"elementor-element elementor-element-c9730ab elementor-widget elementor-widget-image\" data-id=\"c9730ab\" data-element_type=\"widget\" data-widget_type=\"image.default\">\n\t\t\t\t<div class=\"elementor-widget-container\">\n\t\t\t\t\t\t\t\t\t\t\t\t\t<img fetchpriority=\"high\" decoding=\"async\" width=\"715\" height=\"848\" src=\"https:\/\/westsideistanbul2.com\/wp-content\/uploads\/2025\/04\/WhatsApp-Image-2025-04-11-at-16.27.11.jpeg\" class=\"attachment-large size-large wp-image-365\" alt=\"\" srcset=\"https:\/\/westsideistanbul2.com\/wp-content\/uploads\/2025\/04\/WhatsApp-Image-2025-04-11-at-16.27.11.jpeg 715w, https:\/\/westsideistanbul2.com\/wp-content\/uploads\/2025\/04\/WhatsApp-Image-2025-04-11-at-16.27.11-253x300.jpeg 253w\" sizes=\"(max-width: 715px) 100vw, 715px\" \/>\t\t\t\t\t\t\t\t\t\t\t\t\t<\/div>\n\t\t\t\t<\/div>\n\t\t\t\t<\/div>\n\t\t\t\t<\/div>\n\t\t\t\t<\/div>\n\t\t","protected":false},"excerpt":{"rendered":"<p>Hakk\u0131m\u0131zda West Side \u0130stanbul2, \u0130stanbul\u2019un Beylikd\u00fcz\u00fc il\u00e7esinde yer alan modern karma yap\u0131 projesidir. Sitemiz toplam 26 bloktan olu\u015fmakta ve 915 konut, 89 ticari \u00fcnite i\u00e7ermektedir Sitemizde 2 kapal\u0131 havuz, 3 a\u00e7\u0131k havuz, 2 fitness alan\u0131, 3 hamam, 3 buhar odas\u0131, 2 \u00e7ocuk oyun park\u0131, 1 k\u00fc\u00e7\u00fck \u00e7ocuk oyun alan\u0131 ve 1 kapal\u0131 \u00e7ok ama\u00e7l\u0131 spor [&hellip;]<\/p>\n","protected":false},"author":1,"featured_media":0,"parent":0,"menu_order":0,"comment_status":"closed","ping_status":"closed","template":"","meta":{"footnotes":""},"class_list":["post-13","page","type-page","status-publish","hentry"],"yoast_head":"<!-- This site is optimized with the Yoast SEO plugin v24.8.1 - https:\/\/yoast.com\/wordpress\/plugins\/seo\/ -->\n<title>Hakk\u0131m\u0131zda - West Side \u0130stanbul2<\/title>\n<meta name=\"robots\" content=\"index, follow, max-snippet:-1, max-image-preview:large, max-video-preview:-1\" \/>\n<link rel=\"canonical\" href=\"https:\/\/westsideistanbul2.com\/indexphp\/hakkimizda\/\" \/>\n<meta property=\"og:locale\" content=\"tr_TR\" \/>\n<meta property=\"og:type\" content=\"article\" \/>\n<meta property=\"og:title\" content=\"Hakk\u0131m\u0131zda - West Side \u0130stanbul2\" \/>\n<meta property=\"og:description\" content=\"Hakk\u0131m\u0131zda West Side \u0130stanbul2, \u0130stanbul\u2019un Beylikd\u00fcz\u00fc il\u00e7esinde yer alan modern karma yap\u0131 projesidir. Sitemiz toplam 26 bloktan olu\u015fmakta ve 915 konut, 89 ticari \u00fcnite i\u00e7ermektedir Sitemizde 2 kapal\u0131 havuz, 3 a\u00e7\u0131k havuz, 2 fitness alan\u0131, 3 hamam, 3 buhar odas\u0131, 2 \u00e7ocuk oyun park\u0131, 1 k\u00fc\u00e7\u00fck \u00e7ocuk oyun alan\u0131 ve 1 kapal\u0131 \u00e7ok ama\u00e7l\u0131 spor [&hellip;]\" \/>\n<meta property=\"og:url\" content=\"https:\/\/westsideistanbul2.com\/indexphp\/hakkimizda\/\" \/>\n<meta property=\"og:site_name\" content=\"West Side \u0130stanbul2\" \/>\n<meta property=\"article:modified_time\" content=\"2025-04-14T07:02:46+00:00\" \/>\n<meta property=\"og:image\" content=\"https:\/\/westsideistanbul2.com\/wp-content\/uploads\/2025\/04\/WhatsApp-Image-2025-04-11-at-16.27.11.jpeg\" \/>\n\t<meta property=\"og:image:width\" content=\"715\" \/>\n\t<meta property=\"og:image:height\" content=\"848\" \/>\n\t<meta property=\"og:image:type\" content=\"image\/jpeg\" \/>\n<meta name=\"twitter:card\" content=\"summary_large_image\" \/>\n<meta name=\"twitter:label1\" content=\"Tahmini okuma s\u00fcresi\" \/>\n\t<meta name=\"twitter:data1\" content=\"1 dakika\" \/>\n<script type=\"application\/ld+json\" class=\"yoast-schema-graph\">{\"@context\":\"https:\/\/schema.org\",\"@graph\":[{\"@type\":\"WebPage\",\"@id\":\"https:\/\/westsideistanbul2.com\/indexphp\/hakkimizda\/\",\"url\":\"https:\/\/westsideistanbul2.com\/indexphp\/hakkimizda\/\",\"name\":\"Hakk\u0131m\u0131zda - West Side \u0130stanbul2\",\"isPartOf\":{\"@id\":\"https:\/\/westsideistanbul2.com\/#website\"},\"primaryImageOfPage\":{\"@id\":\"https:\/\/westsideistanbul2.com\/indexphp\/hakkimizda\/#primaryimage\"},\"image\":{\"@id\":\"https:\/\/westsideistanbul2.com\/indexphp\/hakkimizda\/#primaryimage\"},\"thumbnailUrl\":\"https:\/\/westsideistanbul2.com\/wp-content\/uploads\/2025\/04\/WhatsApp-Image-2025-04-11-at-16.27.11.jpeg\",\"datePublished\":\"2024-11-18T16:48:53+00:00\",\"dateModified\":\"2025-04-14T07:02:46+00:00\",\"breadcrumb\":{\"@id\":\"https:\/\/westsideistanbul2.com\/indexphp\/hakkimizda\/#breadcrumb\"},\"inLanguage\":\"tr\",\"potentialAction\":[{\"@type\":\"ReadAction\",\"target\":[\"https:\/\/westsideistanbul2.com\/indexphp\/hakkimizda\/\"]}]},{\"@type\":\"ImageObject\",\"inLanguage\":\"tr\",\"@id\":\"https:\/\/westsideistanbul2.com\/indexphp\/hakkimizda\/#primaryimage\",\"url\":\"https:\/\/westsideistanbul2.com\/wp-content\/uploads\/2025\/04\/WhatsApp-Image-2025-04-11-at-16.27.11.jpeg\",\"contentUrl\":\"https:\/\/westsideistanbul2.com\/wp-content\/uploads\/2025\/04\/WhatsApp-Image-2025-04-11-at-16.27.11.jpeg\",\"width\":715,\"height\":848},{\"@type\":\"BreadcrumbList\",\"@id\":\"https:\/\/westsideistanbul2.com\/indexphp\/hakkimizda\/#breadcrumb\",\"itemListElement\":[{\"@type\":\"ListItem\",\"position\":1,\"name\":\"Anasayfa\",\"item\":\"https:\/\/westsideistanbul2.com\/\"},{\"@type\":\"ListItem\",\"position\":2,\"name\":\"Hakk\u0131m\u0131zda\"}]},{\"@type\":\"WebSite\",\"@id\":\"https:\/\/westsideistanbul2.com\/#website\",\"url\":\"https:\/\/westsideistanbul2.com\/\",\"name\":\"West Side \u0130stanbul2\",\"description\":\"\",\"publisher\":{\"@id\":\"https:\/\/westsideistanbul2.com\/#organization\"},\"potentialAction\":[{\"@type\":\"SearchAction\",\"target\":{\"@type\":\"EntryPoint\",\"urlTemplate\":\"https:\/\/westsideistanbul2.com\/?s={search_term_string}\"},\"query-input\":{\"@type\":\"PropertyValueSpecification\",\"valueRequired\":true,\"valueName\":\"search_term_string\"}}],\"inLanguage\":\"tr\"},{\"@type\":\"Organization\",\"@id\":\"https:\/\/westsideistanbul2.com\/#organization\",\"name\":\"West Side \u0130stanbul2\",\"url\":\"https:\/\/westsideistanbul2.com\/\",\"logo\":{\"@type\":\"ImageObject\",\"inLanguage\":\"tr\",\"@id\":\"https:\/\/westsideistanbul2.com\/#\/schema\/logo\/image\/\",\"url\":\"https:\/\/westsideistanbul2.com\/wp-content\/uploads\/2024\/11\/LOGO1.png\",\"contentUrl\":\"https:\/\/westsideistanbul2.com\/wp-content\/uploads\/2024\/11\/LOGO1.png\",\"width\":396,\"height\":152,\"caption\":\"West Side \u0130stanbul2\"},\"image\":{\"@id\":\"https:\/\/westsideistanbul2.com\/#\/schema\/logo\/image\/\"}}]}<\/script>\n<!-- \/ Yoast SEO plugin. -->","yoast_head_json":{"title":"Hakk\u0131m\u0131zda - West Side \u0130stanbul2","robots":{"index":"index","follow":"follow","max-snippet":"max-snippet:-1","max-image-preview":"max-image-preview:large","max-video-preview":"max-video-preview:-1"},"canonical":"https:\/\/westsideistanbul2.com\/indexphp\/hakkimizda\/","og_locale":"tr_TR","og_type":"article","og_title":"Hakk\u0131m\u0131zda - West Side \u0130stanbul2","og_description":"Hakk\u0131m\u0131zda West Side \u0130stanbul2, \u0130stanbul\u2019un Beylikd\u00fcz\u00fc il\u00e7esinde yer alan modern karma yap\u0131 projesidir. Sitemiz toplam 26 bloktan olu\u015fmakta ve 915 konut, 89 ticari \u00fcnite i\u00e7ermektedir Sitemizde 2 kapal\u0131 havuz, 3 a\u00e7\u0131k havuz, 2 fitness alan\u0131, 3 hamam, 3 buhar odas\u0131, 2 \u00e7ocuk oyun park\u0131, 1 k\u00fc\u00e7\u00fck \u00e7ocuk oyun alan\u0131 ve 1 kapal\u0131 \u00e7ok ama\u00e7l\u0131 spor [&hellip;]","og_url":"https:\/\/westsideistanbul2.com\/indexphp\/hakkimizda\/","og_site_name":"West Side \u0130stanbul2","article_modified_time":"2025-04-14T07:02:46+00:00","og_image":[{"width":715,"height":848,"url":"https:\/\/westsideistanbul2.com\/wp-content\/uploads\/2025\/04\/WhatsApp-Image-2025-04-11-at-16.27.11.jpeg","type":"image\/jpeg"}],"twitter_card":"summary_large_image","twitter_misc":{"Tahmini okuma s\u00fcresi":"1 dakika"},"schema":{"@context":"https:\/\/schema.org","@graph":[{"@type":"WebPage","@id":"https:\/\/westsideistanbul2.com\/indexphp\/hakkimizda\/","url":"https:\/\/westsideistanbul2.com\/indexphp\/hakkimizda\/","name":"Hakk\u0131m\u0131zda - West Side \u0130stanbul2","isPartOf":{"@id":"https:\/\/westsideistanbul2.com\/#website"},"primaryImageOfPage":{"@id":"https:\/\/westsideistanbul2.com\/indexphp\/hakkimizda\/#primaryimage"},"image":{"@id":"https:\/\/westsideistanbul2.com\/indexphp\/hakkimizda\/#primaryimage"},"thumbnailUrl":"https:\/\/westsideistanbul2.com\/wp-content\/uploads\/2025\/04\/WhatsApp-Image-2025-04-11-at-16.27.11.jpeg","datePublished":"2024-11-18T16:48:53+00:00","dateModified":"2025-04-14T07:02:46+00:00","breadcrumb":{"@id":"https:\/\/westsideistanbul2.com\/indexphp\/hakkimizda\/#breadcrumb"},"inLanguage":"tr","potentialAction":[{"@type":"ReadAction","target":["https:\/\/westsideistanbul2.com\/indexphp\/hakkimizda\/"]}]},{"@type":"ImageObject","inLanguage":"tr","@id":"https:\/\/westsideistanbul2.com\/indexphp\/hakkimizda\/#primaryimage","url":"https:\/\/westsideistanbul2.com\/wp-content\/uploads\/2025\/04\/WhatsApp-Image-2025-04-11-at-16.27.11.jpeg","contentUrl":"https:\/\/westsideistanbul2.com\/wp-content\/uploads\/2025\/04\/WhatsApp-Image-2025-04-11-at-16.27.11.jpeg","width":715,"height":848},{"@type":"BreadcrumbList","@id":"https:\/\/westsideistanbul2.com\/indexphp\/hakkimizda\/#breadcrumb","itemListElement":[{"@type":"ListItem","position":1,"name":"Anasayfa","item":"https:\/\/westsideistanbul2.com\/"},{"@type":"ListItem","position":2,"name":"Hakk\u0131m\u0131zda"}]},{"@type":"WebSite","@id":"https:\/\/westsideistanbul2.com\/#website","url":"https:\/\/westsideistanbul2.com\/","name":"West Side \u0130stanbul2","description":"","publisher":{"@id":"https:\/\/westsideistanbul2.com\/#organization"},"potentialAction":[{"@type":"SearchAction","target":{"@type":"EntryPoint","urlTemplate":"https:\/\/westsideistanbul2.com\/?s={search_term_string}"},"query-input":{"@type":"PropertyValueSpecification","valueRequired":true,"valueName":"search_term_string"}}],"inLanguage":"tr"},{"@type":"Organization","@id":"https:\/\/westsideistanbul2.com\/#organization","name":"West Side \u0130stanbul2","url":"https:\/\/westsideistanbul2.com\/","logo":{"@type":"ImageObject","inLanguage":"tr","@id":"https:\/\/westsideistanbul2.com\/#\/schema\/logo\/image\/","url":"https:\/\/westsideistanbul2.com\/wp-content\/uploads\/2024\/11\/LOGO1.png","contentUrl":"https:\/\/westsideistanbul2.com\/wp-content\/uploads\/2024\/11\/LOGO1.png","width":396,"height":152,"caption":"West Side \u0130stanbul2"},"image":{"@id":"https:\/\/westsideistanbul2.com\/#\/schema\/logo\/image\/"}}]}},"_links":{"self":[{"href":"https:\/\/westsideistanbul2.com\/index.php\/wp-json\/wp\/v2\/pages\/13","targetHints":{"allow":["GET"]}}],"collection":[{"href":"https:\/\/westsideistanbul2.com\/index.php\/wp-json\/wp\/v2\/pages"}],"about":[{"href":"https:\/\/westsideistanbul2.com\/index.php\/wp-json\/wp\/v2\/types\/page"}],"author":[{"embeddable":true,"href":"https:\/\/westsideistanbul2.com\/index.php\/wp-json\/wp\/v2\/users\/1"}],"replies":[{"embeddable":true,"href":"https:\/\/westsideistanbul2.com\/index.php\/wp-json\/wp\/v2\/comments?post=13"}],"version-history":[{"count":52,"href":"https:\/\/westsideistanbul2.com\/index.php\/wp-json\/wp\/v2\/pages\/13\/revisions"}],"predecessor-version":[{"id":631,"href":"https:\/\/westsideistanbul2.com\/index.php\/wp-json\/wp\/v2\/pages\/13\/revisions\/631"}],"wp:attachment":[{"href":"https:\/\/westsideistanbul2.com\/index.php\/wp-json\/wp\/v2\/media?parent=13"}],"curies":[{"name":"wp","href":"https:\/\/api.w.org\/{rel}","templated":true}]}}